
-1
Let f(k) = 2*k**3 - 23*k**2 - 7*k - 58. Calculate f(12).
2
Let h(r) = -r**2 - 10*r + 3. Calculate h(-10).
3
Let j(o) = 13*o + 3. Determine j(2).
29
Let r(w) = -51*w**3 + w**2 - w. Determine r(1).
-51
Let f(o) = o**2 + 12*o + 15. Calculate f(-6).
-21
Let w(v) = 9*v**3 + 6*v**2 + 6*v + 2. Determine w(-1).
-7
Let b(g) = g**3 + 8*g**2 - 4*g + 1. What is b(-7)?
78
Let l(g) = g**3 + g**2 - 2*g - 3. What is l(-2)?
-3
Let n(a) = 17*a - 23. Calculate n(4).
45
Let u(p) = -p**3 + 15*p**2 + 18*p - 41. Give u(16).
-9
Let p(i) = -38*i - 86. Give p(-5).
104
Let p(y) = -8*y**2 + 4*y - 16. Calculate p(4).
-128
Let c(l) = 12*l**2 + 2*l + 1. Give c(2).
53
Let m(r) = -r - 2. Determine m(0).
-2
Let l(c) = c**2 - 2*c + 10. Calculate l(-6).
58
Let i(d) = -4*d + 12. What is i(3)?
0
Let c(p) = -p**2 - 14*p - 16. Determine c(-14).
-16
Let o(q) = 10*q - 252. Calculate o(22).
-32
Let p(h) = -8*h**2 - 119*h + 17. Determine p(-15).
2
Let z(a) = a**3 - 7*a**2 + 8*a - 15. Calculate z(6).
-3
Let o(a) = -a**3 + 27*a**2 - 26*a + 1. Calculate o(26).
1
Let s(z) = 3*z**2 + z - 25. Determine s(4).
27
Let s(n) = -9*n + 46. Determine s(9).
-35
Let p(m) = 18*m - 405. Calculate p(23).
9
Let f(z) = -5*z + 12. Calculate f(9).
-33
Let o(b) = -3*b**2 + 16*b + 15. Give o(6).
3
Let p(q) = -q**3 + 4*q**2 + 11*q + 2. What is p(6)?
-4
Let f(n) = -4*n - 112. Calculate f(-28).
0
Let l(i) = -i**2 - i - 1. Give l(-6).
-31
Let c(w) = -w**3 - 3*w**2 - 1. Give c(-2).
-5
Let j(a) = 2*a**3 + 8*a**2 - 8*a + 6. Calculate j(-5).
-4
Let u(w) = 4*w**2 - 46*w + 26. What is u(11)?
4
Let i(l) = -l**2 + 17*l + 35. Give i(16).
51
Let k(o) = o**3 + 32*o**2 + 36*o + 154. What is k(-31)?
-1
Let l(g) = -9*g - 1. Give l(-3).
26
Let j(q) = -q**2 - 13*q + 10. Calculate j(-14).
-4
Let g(c) = c**2 - 11*c + 5. Give g(10).
-5
Let k(x) = -x**2 - 22*x + 775. What is k(19)?
-4
Let x(g) = -g**2 - 5*g - 1. What is x(-8)?
-25
Let i(z) = -z**3 + 11*z**2 + 10*z + 10. Determine i(12).
-14
Let s(u) = -3*u - 14. What is s(-5)?
1
Let t(k) = 5*k + 28. Give t(-5).
3
Let v(h) = 2*h**3 + 9*h**2 - 6*h - 12. Calculate v(-4).
28
Let l(v) = v**3 + v**2 - 9*v - 8. Calculate l(-3).
1
Let t(a) = -a**2 + 7*a + 19. Calculate t(7).
19
Let j(u) = u**3 - 7*u**2 - 11*u + 9. What is j(8)?
-15
Let v(q) = 13*q**2 - 4*q + 2. Determine v(1).
11
Let f(q) = q**3 + 12*q**2 + 34*q - 9. Give f(-5).
-4
Let k(u) = 2*u**3 - 18*u**2 - 20*u + 25. Determine k(10).
25
Let c(n) = -n**3 - 7*n**2 + 13*n + 39. Give c(-8).
-1
Let j(o) = 2*o**3 - 31*o**2 - 9*o - 111. What is j(16)?
1
Let q(f) = f**3 + 6*f**2 - 2. Determine q(-6).
-2
Let q(o) = o**2 - 9*o - 6. Determine q(10).
4
Let i(w) = w**3 - 7*w**2 + 6*w + 3. Calculate i(6).
3
Let n(u) = -9*u - 3. Give n(-2).
15
Let m(b) = 4*b**3 + 22*b**2 - 12*b + 7. Calculate m(-6).
7
Let g(v) = 2*v**2 - 19*v + 14. What is g(8)?
-10
Let t(g) = 2*g - 20. Calculate t(-6).
-32
Let g(t) = 3*t + 32. Give g(-14).
-10
Let u(t) = t**3 + 17*t**2 + 13*t - 24. Calculate u(-16).
24
Let s(l) = -42*l**2. What is s(-1)?
-42
Let n(k) = -4*k - 18. What is n(6)?
-42
Let c(w) = 2*w**2 - 8*w + 2. Calculate c(4).
2
Let i(m) = 3*m**3 - 48*m**2 - 49*m - 20. Calculate i(17).
14
Let w(z) = z**3 - 8*z**2 + 8*z - 5. Give w(7).
2
Let b(h) = -h**3 + 8*h**2 - 6*h - 2. Give b(7).
5
Let g(u) = -u**3 + 49*u**2 - u + 57. Give g(49).
8
Let v(x) = x**2 - 12*x - 38. Determine v(15).
7
Let a(j) = 21*j - 50. Determine a(7).
97
Let s(w) = -w**3 - 3*w**2 - 2*w + 6. Calculate s(-4).
30
Let b(g) = g**3 + 7*g**2 - 8*g + 2. Determine b(-8).
2
Let i(a) = 5*a + 9. Determine i(-12).
-51
Let l(b) = -39*b + 388. Give l(10).
-2
Let g(d) = d**3 - 2*d**2 + 4*d - 51. What is g(0)?
-51
Let z(f) = -f - 24. Give z(0).
-24
Let b(v) = -2*v - 1. What is b(9)?
-19
Let u(b) = -b**3 + 2*b**2. What is u(2)?
0
Let p(g) = 25*g. Calculate p(1).
25
Let v(d) = 6*d - 65. Give v(13).
13
Let o(g) = g**2 + 6*g - 17. Calculate o(-8).
-1
Let i(w) = -2*w**3 + 8*w**2 + 9*w + 10. What is i(5)?
5
Let q(b) = -b**3 + 6*b**2 + 2*b - 7. What is q(6)?
5
Let g(r) = r**2 - 12*r + 22. Calculate g(13).
35
Let z(y) = 4*y**2 - 8*y + 1. What is z(3)?
13
Let m(i) = -i**2 + 2*i. What is m(-2)?
-8
Let v(f) = 3*f**3 + 9*f**2 + 4*f. What is v(-2)?
4
Let q(g) = g**3 - 18*g**2 - g + 21. Determine q(18).
3
Let f(g) = -20*g - 1. Calculate f(2).
-41
Let a(s) = -s**3 + 13*s**2 + 12*s + 35. Determine a(14).
7
Let p(v) = -v + 11. Determine p(14).
-3
Let b(k) = 6*k + 51. Give b(-7).
9
Let d(z) = z**3 + 6*z**2 - 12*z - 15. Determine d(-7).
20
Let n(i) = i**2 - i - 6. Give n(-2).
0
Let d(o) = o**3 + 30*o**2 + 4. Determine d(-30).
4
Let o(k) = -56*k + 540. Give o(10).
-20
Let d(s) = -6*s - 93. Calculate d(-14).
-9
Let r(w) = -4*w**2 - 17*w - 25. What is r(-5)?
-40
Let z(r) = r**3 - 3*r**2 - 5*r. What is z(4)?
-4
Let t(s) = -s**2 + 6*s - 3. What is t(7)?
-10
Let k(y) = y**3 + 3*y**2 + 5. Give k(-3).
5
Let t(i) = -i**3 + 15*i**2 + 14*i + 19. Calculate t(16).
-13
Let l(x) = x**3 + 8*x**2 + 11*x - 2. Determine l(-6).
4
Let u(b) = -6*b**2 - 10*b + 2. Calculate u(-2).
-2
Let b(w) = -w**3 - 4*w**2 + 8*w + 24. Give b(-5).
9
Let c(t) = t**3 + 10*t**2 + 6*t - 6. What is c(-9)?
21
Let u(r) = r**3 - 11*r**2 + 15*r - 36. What is u(10)?
14
Let k(r) = -r**2 - 51*r + 50. Give k(1).
-2
Let f(n) = n**2 + 16*n + 21. Give f(-15).
6
Let d(j) = 2*j**3 + 5*j**2 - 6*j - 16. Give d(-5).
-111
Let q(c) = c**3 - 8*c**2. What is q(8)?
0
Let k(v) = -5*v - 6. What is k(3)?
-21
Let l(i) = i**2 + 3*i - 11. Give l(-5).
-1
Let a(b) = -3*b - 79. Calculate a(-11).
-46
Let c(d) = d**2 + 9*d - 25. What is c(-11)?
-3
Let k(b) = -b**3 - 4*b**2 + 4*b - 11. Give k(-5).
-6
Let x(i) = -8*i**2 - 113*i - 6. What is x(-14)?
8
Let s(i) = 2*i - 11. What is s(-6)?
-23
Let j(y) = y**2 + 4*y - 50. Give j(-10).
10
Let s(p) = -13*p - 1. Determine s(2).
-27
Let w(p) = 2*p**2 + p - 2. Give w(-2).
4
Let v(d) = -12*d - 83. Determine v(-7).
1
Let t(s) = -4*s + 10. Determine t(7).
-18
Let b(y) = 20*y - 5. Determine b(-2).
-45
Let n(z) = -3*z**2 - 12*z - 9. What is n(-3)?
0
Let u(h) = 5*h - 33. What is u(17)?
52
Let h(c) = -c**2 - 8*c - 5. What is h(-8)?
-5
Let y(l) = -3*l + 33. Give y(9).
6
Let d(u) = -3*u + 21. What is d(5)?
6
Let n(h) = 17*h**2 - 2*h - 3. Calculate n(-1).
16
Let h(d) = -d**2 + 28*d - 124. Give h(23).
-9
Let y(a) = 2*a**2 - 14*a + 50. Calculate y(7).
50
Let f(p) = 3*p + 11. Calculate f(7).
32
Let o(l) = -l**3 - l**2 + l + 16. Give o(0).
16
Let q(l) = 2*l**2 - 3*l + 2. What is q(2)?
4
Let s(o) = o**3 + 2*o**2 - 6*o + 4. Give s(4).
76
Let p(g) = -6*g**2 + 41*g - 26. Calculate p(6).
4
Let k(a) = a + 30. Determine k(-30).
0
Let n(g) = 3*g**3 - 2*g**2 - 3*g + 1. Calculate n(-3).
-89
Let w(i) = -16*i + 1. Calculate w(-1).
17
Let b(j) = j + 3. Give b(-20).
-17
Let s(x) = 2*x**2 + 14*x + 10. Determine s(-6).
-2
Let w(o) = -2*o**3 + 25*o**2 + 13*o + 3. What is w(13)?
3
Let h(b) = -5*b**2 - 3*b + 4. Determine h(2).
-22
Let z(q) = -q**2 + 28*q - 168. Determine z(18).
12
Let q(b) = 6*b - 33. Calculate q(6).
3
Let a(r) = r**2 - 16*r + 1. Determine a(8).
-63
Let b(w) = 12*w + 18. Give b(-5).
-42
Let z(y) = y**3 - 12*y**2 - 25*y - 37. Determine z(14).
5
Let t(u) = 3*u - 1. Give t(-2).
-7
Let y(k) = k**2 + 10*k + 11. What is y(-7)?
-10
Let m(u) = -u**2 + 7*u + 40. Give m(10).
10
Let z(f) = -f**2 + 85*f - 623. What is z(8)?
-7
Let l(h) = -h**2 + 10*h - 11. Determine l(10).
-11
Let p(c) = 8*c - 171. Give p(21).
-3
Let p(v) = v**3 - 9*v**2 - 8*v - 12. Give p(9).
-84
Let q(v) = -2*v**3 - 6*v**2 - 8*v - 3. What is q(-5)?
137
Let a(w) = w + 2. What is a(-2)?
0
Let w(o) = o**2 + 7*o + 15. What is w(-6)?
9
Let k(v) = -6*v + 16. Determine k(13).
-62
Let t(v) = v**3 - 4*v**2 - 4*v + 6. Calculate t(5).
11
Let w(h) = 2*h - 33. What is w(0)?
-33
Let o(g) = 13*g**2 - 5*g + 8. Give o(2).
50
Let c(z) = -z**3 + 8*z**2 - 6*z + 2. Determine c(7).
9
Let i(u) = -u**3 + 5*u**2 + 2. Give i(5).
2
Let h(x) = 3*x + 4. Calculate h(6).
22
Let o(r) = 2*r**2 + 9*r. Determine o(-8).
56
Let y(w) = w**2 - 76*w - 325. Give y(-4).
-5
Let p(w) = w - 27. Give p(21).
-6
Let g(m) = -m**3 + 4*m**2 + 4*m - 4. Give g(4).
12
Let u(x) = x - 1. What is u(4)?
3
Let l(r) = -r**2 - 37*r - 95. Calculate l(-34).
7
Let c(d) = d**2 - d - 14. Give c(-4).
6
Let p(l) = -5*l + 2. Determine p(-9).
47
Let x(k) = 38*k + 154. Give x(-5).
-36
Let i(l